{"id":195,"date":"2017-12-08T11:32:40","date_gmt":"2017-12-08T10:32:40","guid":{"rendered":"http:\/\/personal-connection.eu\/?page_id=195"},"modified":"2025-05-05T11:56:33","modified_gmt":"2025-05-05T09:56:33","slug":"unternehmen","status":"publish","type":"page","link":"https:\/\/www.personal-connection.eu\/pl\/unternehmen\/","title":{"rendered":"Unternehmen"},"content":{"rendered":"<div class=\"wpb-content-wrapper\"><p>[vc_row css=&#8221;.vc_custom_1512729440564{padding-bottom: 50px !important;}&#8221;][vc_column][vc_row_inner][vc_column_inner][vc_column_text css=&#8221;&#8221;]<\/p>\n<h3 class=\"content\">Nowi kierowcy autobusu w Pa\u0144stwa przedsi\u0119biorstwie<\/h3>\n<p><strong>Z personal-connection nie b\u0119d\u0105 Pa\u0144stwo mieli problemu z wykwalifikowanym personelem.<\/strong><br \/>\nWygrali Pa\u0144stwo przetarg i jak najszybciej potrzebuj\u0105 Pa\u0144stwo wi\u0119kszej ilo\u015bci kierowc\u00f3w? Niekt\u00f3rzy z zatrudnionych kierowc\u00f3w w Pa\u0144stwa firmie osi\u0105gn\u0105 wkr\u00f3tce wiek emerytalny?<br \/>\nW zwi\u0105zku ze zwolnieniami chorobowymi potrzebuj\u0105 Pa\u0144stwo jak najszybciej personelu zast\u0119pczego? Lub maj\u0105 Pa\u0144stwo plany zwi\u0105zane z ekspansj\u0105 firmy i potrzebuj\u0105 kompetentnych kierowc\u00f3w?<\/p>\n<p><strong>Poradz\u0105 sobie Pa\u0144stwo ze s\u0142ab\u0105 frekwencj\u0105 pracownicz\u0105 oraz zwy\u017ck\u0105 zlece\u0144.<\/strong><br \/>\nJako pierwsi z pomoc\u0105 przyjdziemy my i w przypadku brak\u00f3w personalnych np. z powodu choroby i urlopu zatroszczymy si\u0119, aby dostarczy\u0107 Pa\u0144stwu wykwalifikowany personel. W sytuacji nat\u0142oku zam\u00f3wie\u0144 lub w kr\u00f3tkofalowych zwi\u0119kszeniach zapotrzebowania zadbamy r\u00f3wnie\u017c o oddanie Pa\u0144stwu do dyspozycji fachowego personelu, kt\u00f3ry wesprze Pa\u0144stwa w okresie trwaj\u0105cej w firmie trudnej sytuacji.<\/p>\n<p><strong>Zabezpieczcie sobie Pa\u0144stwo na d\u0142u\u017cszy czas wykwalifikowan\u0105 kadr\u0119.<\/strong><br \/>\nOdci\u0105\u017cymy Pa\u0144stwa administracyjnie udost\u0119pniaj\u0105c Pa\u0144stwu na d\u0142u\u017cszy czas wykwalifikowanych pracownik\u00f3w. Jako Pa\u0144stwa partner zatroszczymy si\u0119 o to, aby personel oddelegowany do Pa\u0144stwa posiada\u0142 odpowiednie kwalifikacje. Uwolnimy Pa\u0144stwa od problem\u00f3w zwi\u0105zanych z poszukiwaniem odpowiedniej kadry.<\/p>\n<p><strong>Pa\u0144stwa korzy\u015bci jako klienta:<\/strong><\/p>\n<ul>\n<li>Op\u0142acaj\u0105 Pa\u0144stwo tylko czas, w kt\u00f3rym kierowca efektywnie dla Pa\u0144stwa pracuje<\/li>\n<li>Nie martwi\u0105 si\u0119 Pa\u0144stwo o ryzyko zatrudnienia, gdy\u017c pracownik na sta\u0142e zatrudniony jest w naszej firmie<\/li>\n<li>Bezpiecze\u0144stwo dla Pa\u0144stwa w\u0142asnych zak\u0142adowych miejsc pracy<\/li>\n<li>Szybkie obsadzenie stanowisk w przypadku dodatkowych zlece\u0144, spi\u0119trzenia zlece\u0144 lub niedoboru pracowniczego<\/li>\n<li>Rezygnacja z nadgodzin oraz dodatkowych zmian<\/li>\n<li>Oszcz\u0119dno\u015bci zwi\u0105zane z brakiem konieczno\u015bci wyp\u0142at dodatk\u00f3w za nadgodziny<\/li>\n<li>Redukcja koszt\u00f3w administracyjnych<\/li>\n<\/ul>\n<p><strong>Pa\u0144stwa nowi kierowcy mogliby by\u0107 ju\u017c w drodze!<\/strong><br \/>\nPersonel pozyskujemy dla Pa\u0144stwa z ca\u0142ego obszaru Unii Europejskiej, bazuj\u0105c na najnowszych trendach obowi\u0105zuj\u0105cych na rynku pracy oraz pomagamy im w integracji z naszym krajem. Przejmujemy na siebie kwesti\u0119 poszukiwania kandydat\u00f3w odpowiadaj\u0105cych Pa\u0144stwa wymogom oraz oferujemy Pa\u0144stwu nowoczesne formy leasingu pracowniczego za uczciw\u0105 cen\u0119.[\/vc_column_text][\/vc_column_inner][\/vc_row_inner][\/vc_column][\/vc_row]<\/p>\n<\/div>","protected":false},"excerpt":{"rendered":"<p>[vc_row css=&#8221;.vc_custom_1512729440564{padding-bottom: 50px !important;}&#8221;][vc_column][vc_row_inner][vc_column_inner][vc_column_text css=&#8221;&#8221;] Nowi kierowcy autobusu w Pa\u0144stwa przedsi\u0119biorstwie Z personal-connection nie b\u0119d\u0105 Pa\u0144stwo mieli problemu z wykwalifikowanym personelem. Wygrali Pa\u0144stwo przetarg i jak najszybciej potrzebuj\u0105 Pa\u0144stwo wi\u0119kszej ilo\u015bci kierowc\u00f3w? Niekt\u00f3rzy z zatrudnionych kierowc\u00f3w w Pa\u0144stwa firmie osi\u0105gn\u0105 wkr\u00f3tce wiek emerytalny? W zwi\u0105zku ze zwolnieniami chorobowymi potrzebuj\u0105 Pa\u0144stwo jak najszybciej personelu zast\u0119pczego? Lub [&hellip;]<\/p>\n","protected":false},"author":2,"featured_media":0,"parent":0,"menu_order":0,"comment_status":"closed","ping_status":"open","template":"page-sidebar.php","meta":{"footnotes":""},"class_list":["post-195","page","type-page","status-publish","hentry"],"yoast_head":"<!-- This site is optimized with the Yoast SEO plugin v27.5 - https:\/\/yoast.com\/product\/yoast-seo-wordpress\/ -->\n<title>Unternehmen - personal-connection<\/title>\n<meta name=\"robots\" content=\"index, follow, max-snippet:-1, max-image-preview:large, max-video-preview:-1\" \/>\n<link rel=\"canonical\" href=\"https:\/\/www.personal-connection.eu\/unternehmen\/\" \/>\n<meta property=\"og:locale\" content=\"pl_PL\" \/>\n<meta property=\"og:type\" content=\"article\" \/>\n<meta property=\"og:title\" content=\"[:de]F\u00fcr Unternehmen[:en]For Companies[:pl]Unternehmen[:] - personal-connection\" \/>\n<meta property=\"og:description\" content=\"[vc_row css=&#8221;.vc_custom_1512729440564{padding-bottom: 50px !important;}&#8221;][vc_column][vc_row_inner][vc_column_inner][vc_column_text css=&#8221;&#8221;] Nowi kierowcy autobusu w Pa\u0144stwa przedsi\u0119biorstwie Z personal-connection nie b\u0119d\u0105 Pa\u0144stwo mieli problemu z wykwalifikowanym personelem. Wygrali Pa\u0144stwo przetarg i jak najszybciej potrzebuj\u0105 Pa\u0144stwo wi\u0119kszej ilo\u015bci kierowc\u00f3w? Niekt\u00f3rzy z zatrudnionych kierowc\u00f3w w Pa\u0144stwa firmie osi\u0105gn\u0105 wkr\u00f3tce wiek emerytalny? W zwi\u0105zku ze zwolnieniami chorobowymi potrzebuj\u0105 Pa\u0144stwo jak najszybciej personelu zast\u0119pczego? Lub [&hellip;]\" \/>\n<meta property=\"og:url\" content=\"https:\/\/www.personal-connection.eu\/unternehmen\/\" \/>\n<meta property=\"og:site_name\" content=\"personal-connection\" \/>\n<meta property=\"article:modified_time\" content=\"2025-05-05T09:56:33+00:00\" \/>\n<meta name=\"twitter:card\" content=\"summary_large_image\" \/>\n<meta name=\"twitter:label1\" content=\"Szacowany czas czytania\" \/>\n\t<meta name=\"twitter:data1\" content=\"2 minuty\" \/>\n<script type=\"application\/ld+json\" class=\"yoast-schema-graph\">{\"@context\":\"https:\\\/\\\/schema.org\",\"@graph\":[{\"@type\":\"WebPage\",\"@id\":\"https:\\\/\\\/www.personal-connection.eu\\\/unternehmen\\\/\",\"url\":\"https:\\\/\\\/www.personal-connection.eu\\\/unternehmen\\\/\",\"name\":\"[:de]F\u00fcr Unternehmen[:en]For Companies[:pl]Unternehmen[:] - personal-connection\",\"isPartOf\":{\"@id\":\"https:\\\/\\\/www.personal-connection.eu\\\/#website\"},\"datePublished\":\"2017-12-08T10:32:40+00:00\",\"dateModified\":\"2025-05-05T09:56:33+00:00\",\"breadcrumb\":{\"@id\":\"https:\\\/\\\/www.personal-connection.eu\\\/unternehmen\\\/#breadcrumb\"},\"inLanguage\":\"pl-PL\",\"potentialAction\":[{\"@type\":\"ReadAction\",\"target\":[\"https:\\\/\\\/www.personal-connection.eu\\\/unternehmen\\\/\"]}]},{\"@type\":\"BreadcrumbList\",\"@id\":\"https:\\\/\\\/www.personal-connection.eu\\\/unternehmen\\\/#breadcrumb\",\"itemListElement\":[{\"@type\":\"ListItem\",\"position\":1,\"name\":\"Startseite\",\"item\":\"https:\\\/\\\/www.personal-connection.eu\\\/\"},{\"@type\":\"ListItem\",\"position\":2,\"name\":\"F\u00fcr Unternehmen\"}]},{\"@type\":\"WebSite\",\"@id\":\"https:\\\/\\\/www.personal-connection.eu\\\/#website\",\"url\":\"https:\\\/\\\/www.personal-connection.eu\\\/\",\"name\":\"personal-connection\",\"description\":\"Vermittlung von Busfahrern in Deutschland\",\"potentialAction\":[{\"@type\":\"SearchAction\",\"target\":{\"@type\":\"EntryPoint\",\"urlTemplate\":\"https:\\\/\\\/www.personal-connection.eu\\\/?s={search_term_string}\"},\"query-input\":{\"@type\":\"PropertyValueSpecification\",\"valueRequired\":true,\"valueName\":\"search_term_string\"}}],\"inLanguage\":\"pl-PL\"}]}<\/script>\n<!-- \/ Yoast SEO plugin. -->","yoast_head_json":{"title":"[:de]F\u00fcr Unternehmen[:en]For Companies[:pl]Unternehmen[:] - personal-connection","robots":{"index":"index","follow":"follow","max-snippet":"max-snippet:-1","max-image-preview":"max-image-preview:large","max-video-preview":"max-video-preview:-1"},"canonical":"https:\/\/www.personal-connection.eu\/unternehmen\/","og_locale":"pl_PL","og_type":"article","og_title":"[:de]F\u00fcr Unternehmen[:en]For Companies[:pl]Unternehmen[:] - personal-connection","og_description":"[vc_row css=&#8221;.vc_custom_1512729440564{padding-bottom: 50px !important;}&#8221;][vc_column][vc_row_inner][vc_column_inner][vc_column_text css=&#8221;&#8221;] Nowi kierowcy autobusu w Pa\u0144stwa przedsi\u0119biorstwie Z personal-connection nie b\u0119d\u0105 Pa\u0144stwo mieli problemu z wykwalifikowanym personelem. Wygrali Pa\u0144stwo przetarg i jak najszybciej potrzebuj\u0105 Pa\u0144stwo wi\u0119kszej ilo\u015bci kierowc\u00f3w? Niekt\u00f3rzy z zatrudnionych kierowc\u00f3w w Pa\u0144stwa firmie osi\u0105gn\u0105 wkr\u00f3tce wiek emerytalny? W zwi\u0105zku ze zwolnieniami chorobowymi potrzebuj\u0105 Pa\u0144stwo jak najszybciej personelu zast\u0119pczego? Lub [&hellip;]","og_url":"https:\/\/www.personal-connection.eu\/unternehmen\/","og_site_name":"personal-connection","article_modified_time":"2025-05-05T09:56:33+00:00","twitter_card":"summary_large_image","twitter_misc":{"Szacowany czas czytania":"2 minuty"},"schema":{"@context":"https:\/\/schema.org","@graph":[{"@type":"WebPage","@id":"https:\/\/www.personal-connection.eu\/unternehmen\/","url":"https:\/\/www.personal-connection.eu\/unternehmen\/","name":"[:de]F\u00fcr Unternehmen[:en]For Companies[:pl]Unternehmen[:] - personal-connection","isPartOf":{"@id":"https:\/\/www.personal-connection.eu\/#website"},"datePublished":"2017-12-08T10:32:40+00:00","dateModified":"2025-05-05T09:56:33+00:00","breadcrumb":{"@id":"https:\/\/www.personal-connection.eu\/unternehmen\/#breadcrumb"},"inLanguage":"pl-PL","potentialAction":[{"@type":"ReadAction","target":["https:\/\/www.personal-connection.eu\/unternehmen\/"]}]},{"@type":"BreadcrumbList","@id":"https:\/\/www.personal-connection.eu\/unternehmen\/#breadcrumb","itemListElement":[{"@type":"ListItem","position":1,"name":"Startseite","item":"https:\/\/www.personal-connection.eu\/"},{"@type":"ListItem","position":2,"name":"F\u00fcr Unternehmen"}]},{"@type":"WebSite","@id":"https:\/\/www.personal-connection.eu\/#website","url":"https:\/\/www.personal-connection.eu\/","name":"personal-connection","description":"Vermittlung von Busfahrern in Deutschland","potentialAction":[{"@type":"SearchAction","target":{"@type":"EntryPoint","urlTemplate":"https:\/\/www.personal-connection.eu\/?s={search_term_string}"},"query-input":{"@type":"PropertyValueSpecification","valueRequired":true,"valueName":"search_term_string"}}],"inLanguage":"pl-PL"}]}},"_links":{"self":[{"href":"https:\/\/www.personal-connection.eu\/pl\/wp-json\/wp\/v2\/pages\/195","targetHints":{"allow":["GET"]}}],"collection":[{"href":"https:\/\/www.personal-connection.eu\/pl\/wp-json\/wp\/v2\/pages"}],"about":[{"href":"https:\/\/www.personal-connection.eu\/pl\/wp-json\/wp\/v2\/types\/page"}],"author":[{"embeddable":true,"href":"https:\/\/www.personal-connection.eu\/pl\/wp-json\/wp\/v2\/users\/2"}],"replies":[{"embeddable":true,"href":"https:\/\/www.personal-connection.eu\/pl\/wp-json\/wp\/v2\/comments?post=195"}],"version-history":[{"count":14,"href":"https:\/\/www.personal-connection.eu\/pl\/wp-json\/wp\/v2\/pages\/195\/revisions"}],"predecessor-version":[{"id":6811,"href":"https:\/\/www.personal-connection.eu\/pl\/wp-json\/wp\/v2\/pages\/195\/revisions\/6811"}],"wp:attachment":[{"href":"https:\/\/www.personal-connection.eu\/pl\/wp-json\/wp\/v2\/media?parent=195"}],"curies":[{"name":"wp","href":"https:\/\/api.w.org\/{rel}","templated":true}]}}

<div class="wpb-content-wrapper"><p>[vc_row css=&#8221;.vc_custom_1512729440564{padding-bottom: 50px !important;}&#8221;][vc_column][vc_row_inner][vc_column_inner][vc_column_text css=&#8221;&#8221;]</p>
<h3 class="content">Nowi kierowcy autobusu w Państwa przedsiębiorstwie</h3>
<p><strong>Z personal-connection nie będą Państwo mieli problemu z wykwalifikowanym personelem.</strong><br />
Wygrali Państwo przetarg i jak najszybciej potrzebują Państwo większej ilości kierowców? Niektórzy z zatrudnionych kierowców w Państwa firmie osiągną wkrótce wiek emerytalny?<br />
W związku ze zwolnieniami chorobowymi potrzebują Państwo jak najszybciej personelu zastępczego? Lub mają Państwo plany związane z ekspansją firmy i potrzebują kompetentnych kierowców?</p>
<p><strong>Poradzą sobie Państwo ze słabą frekwencją pracowniczą oraz zwyżką zleceń.</strong><br />
Jako pierwsi z pomocą przyjdziemy my i w przypadku braków personalnych np. z powodu choroby i urlopu zatroszczymy się, aby dostarczyć Państwu wykwalifikowany personel. W sytuacji natłoku zamówień lub w krótkofalowych zwiększeniach zapotrzebowania zadbamy również o oddanie Państwu do dyspozycji fachowego personelu, który wesprze Państwa w okresie trwającej w firmie trudnej sytuacji.</p>
<p><strong>Zabezpieczcie sobie Państwo na dłuższy czas wykwalifikowaną kadrę.</strong><br />
Odciążymy Państwa administracyjnie udostępniając Państwu na dłuższy czas wykwalifikowanych pracowników. Jako Państwa partner zatroszczymy się o to, aby personel oddelegowany do Państwa posiadał odpowiednie kwalifikacje. Uwolnimy Państwa od problemów związanych z poszukiwaniem odpowiedniej kadry.</p>
<p><strong>Państwa korzyści jako klienta:</strong></p>
<ul>
<li>Opłacają Państwo tylko czas, w którym kierowca efektywnie dla Państwa pracuje</li>
<li>Nie martwią się Państwo o ryzyko zatrudnienia, gdyż pracownik na stałe zatrudniony jest w naszej firmie</li>
<li>Bezpieczeństwo dla Państwa własnych zakładowych miejsc pracy</li>
<li>Szybkie obsadzenie stanowisk w przypadku dodatkowych zleceń, spiętrzenia zleceń lub niedoboru pracowniczego</li>
<li>Rezygnacja z nadgodzin oraz dodatkowych zmian</li>
<li>Oszczędności związane z brakiem konieczności wypłat dodatków za nadgodziny</li>
<li>Redukcja kosztów administracyjnych</li>
</ul>
<p><strong>Państwa nowi kierowcy mogliby być już w drodze!</strong><br />
Personel pozyskujemy dla Państwa z całego obszaru Unii Europejskiej, bazując na najnowszych trendach obowiązujących na rynku pracy oraz pomagamy im w integracji z naszym krajem. Przejmujemy na siebie kwestię poszukiwania kandydatów odpowiadających Państwa wymogom oraz oferujemy Państwu nowoczesne formy leasingu pracowniczego za uczciwą cenę.[/vc_column_text][/vc_column_inner][/vc_row_inner][/vc_column][/vc_row]</p>
</div>

<p>[vc_row css=&#8221;.vc_custom_1512729440564{padding-bottom: 50px !important;}&#8221;][vc_column][vc_row_inner][vc_column_inner][vc_column_text css=&#8221;&#8221;] Nowi kierowcy autobusu w Państwa przedsiębiorstwie Z personal-connection nie będą Państwo mieli problemu z wykwalifikowanym personelem. Wygrali Państwo przetarg i jak najszybciej potrzebują Państwo większej ilości kierowców? Niektórzy z zatrudnionych kierowców w Państwa firmie osiągną wkrótce wiek emerytalny? W związku ze zwolnieniami chorobowymi potrzebują Państwo jak najszybciej personelu zastępczego? Lub [&hellip;]</p>

<!-- This site is optimized with the Yoast SEO plugin v27.5 - https://yoast.com/product/yoast-seo-wordpress/ -->
<title>Unternehmen - personal-connection</title>
<meta name="robots" content="index, follow, max-snippet:-1, max-image-preview:large, max-video-preview:-1" />
<link rel="canonical" href="https://www.personal-connection.eu/unternehmen/" />
<meta property="og:locale" content="pl_PL" />
<meta property="og:type" content="article" />
<meta property="og:title" content="[:de]Für Unternehmen[:en]For Companies[:pl]Unternehmen[:] - personal-connection" />
<meta property="og:description" content="[vc_row css=&#8221;.vc_custom_1512729440564{padding-bottom: 50px !important;}&#8221;][vc_column][vc_row_inner][vc_column_inner][vc_column_text css=&#8221;&#8221;] Nowi kierowcy autobusu w Państwa przedsiębiorstwie Z personal-connection nie będą Państwo mieli problemu z wykwalifikowanym personelem. Wygrali Państwo przetarg i jak najszybciej potrzebują Państwo większej ilości kierowców? Niektórzy z zatrudnionych kierowców w Państwa firmie osiągną wkrótce wiek emerytalny? W związku ze zwolnieniami chorobowymi potrzebują Państwo jak najszybciej personelu zastępczego? Lub [&hellip;]" />
<meta property="og:url" content="https://www.personal-connection.eu/unternehmen/" />
<meta property="og:site_name" content="personal-connection" />
<meta property="article:modified_time" content="2025-05-05T09:56:33+00:00" />
<meta name="twitter:card" content="summary_large_image" />
<meta name="twitter:label1" content="Szacowany czas czytania" />
	<meta name="twitter:data1" content="2 minuty" />
<script type="application/ld+json" class="yoast-schema-graph">{"@context":"https:\/\/schema.org","@graph":[{"@type":"WebPage","@id":"https:\/\/www.personal-connection.eu\/unternehmen\/","url":"https:\/\/www.personal-connection.eu\/unternehmen\/","name":"[:de]Für Unternehmen[:en]For Companies[:pl]Unternehmen[:] - personal-connection","isPartOf":{"@id":"https:\/\/www.personal-connection.eu\/#website"},"datePublished":"2017-12-08T10:32:40+00:00","dateModified":"2025-05-05T09:56:33+00:00","breadcrumb":{"@id":"https:\/\/www.personal-connection.eu\/unternehmen\/#breadcrumb"},"inLanguage":"pl-PL","potentialAction":[{"@type":"ReadAction","target":["https:\/\/www.personal-connection.eu\/unternehmen\/"]}]},{"@type":"BreadcrumbList","@id":"https:\/\/www.personal-connection.eu\/unternehmen\/#breadcrumb","itemListElement":[{"@type":"ListItem","position":1,"name":"Startseite","item":"https:\/\/www.personal-connection.eu\/"},{"@type":"ListItem","position":2,"name":"Für Unternehmen"}]},{"@type":"WebSite","@id":"https:\/\/www.personal-connection.eu\/#website","url":"https:\/\/www.personal-connection.eu\/","name":"personal-connection","description":"Vermittlung von Busfahrern in Deutschland","potentialAction":[{"@type":"SearchAction","target":{"@type":"EntryPoint","urlTemplate":"https:\/\/www.personal-connection.eu\/?s={search_term_string}"},"query-input":{"@type":"PropertyValueSpecification","valueRequired":true,"valueName":"search_term_string"}}],"inLanguage":"pl-PL"}]}</script>
<!-- / Yoast SEO plugin. -->

[:de]Für Unternehmen[:en]For Companies[:pl]Unternehmen[:] - personal-connection

[vc_row css=&#8221;.vc_custom_1512729440564{padding-bottom: 50px !important;}&#8221;][vc_column][vc_row_inner][vc_column_inner][vc_column_text css=&#8221;&#8221;] Nowi kierowcy autobusu w Państwa przedsiębiorstwie Z personal-connection nie będą Państwo mieli problemu z wykwalifikowanym personelem. Wygrali Państwo przetarg i jak najszybciej potrzebują Państwo większej ilości kierowców? Niektórzy z zatrudnionych kierowców w Państwa firmie osiągną wkrótce wiek emerytalny? W związku ze zwolnieniami chorobowymi potrzebują Państwo jak najszybciej personelu zastępczego? Lub [&hellip;]

Für Unternehmen
